{"id":86,"date":"2014-03-23T15:19:03","date_gmt":"2014-03-23T14:19:03","guid":{"rendered":"http:\/\/comatweb34.com\/prades-sur-vernazobre.eu\/?page_id=86"},"modified":"2025-09-09T22:07:09","modified_gmt":"2025-09-09T21:07:09","slug":"la-vie-associative","status":"publish","type":"page","link":"http:\/\/prades-sur-vernazobre.fr\/?page_id=86","title":{"rendered":"La vie associative"},"content":{"rendered":"\n\n\n<div class=\"wp-block-media-text alignwide is-stacked-on-mobile\" style=\"grid-template-columns:33% auto\"><figure class=\"wp-block-media-text__media\"><img decoding=\"async\" loading=\"lazy\" width=\"720\" height=\"1024\" src=\"http:\/\/prades-sur-vernazobre.fr\/wp-content\/uploads\/2014\/03\/DOS_6-720x1024.jpg\" alt=\"\" class=\"wp-image-89 size-full\" srcset=\"http:\/\/prades-sur-vernazobre.fr\/wp-content\/uploads\/2014\/03\/DOS_6-720x1024.jpg 720w, http:\/\/prades-sur-vernazobre.fr\/wp-content\/uploads\/2014\/03\/DOS_6-211x300.jpg 211w, http:\/\/prades-sur-vernazobre.fr\/wp-content\/uploads\/2014\/03\/DOS_6.jpg 842w\" sizes=\"(max-width: 720px) 100vw, 720px\" \/><\/figure><div class=\"wp-block-media-text__content\">\n<p> <strong><span style=\"text-decoration: underline;\">LE COMIT\u00c9 DES F\u00caTES<\/span><\/strong><br><br>Le comit\u00e9 des f\u00eates de Prades sur Vernazobre organise tout au long de l&rsquo;ann\u00e9e des manifestations diverses et vari\u00e9es :<br>&#8211; BAL D&rsquo;OUVERTURE annon\u00e7ant l&rsquo;\u00e9t\u00e9 (en g\u00e9n\u00e9ral d\u00e9but juin) : une soir\u00e9e festive avec un repas<br>&#8211; LA GRANDE F\u00caTE LOCALE avec ses splendides disco-mobiles, orchestres et duo r\u00e9tro pour les plus anciens<br>&#8211; BAL DE FERMETURE (fin ao\u00fbt) : une soir\u00e9e festive avec B\u0152UF A LA BROCHE et animation DJ.<br><br>Prades sur Vernazobre est ainsi r\u00e9put\u00e9 pour \u00eatre l\u2019un des villages le plus festif du canton.<br><br>Pour en savoir plus : <a href=\"https:\/\/www.facebook.com\/comite.pradessurvernazobres\" target=\"_blank\" rel=\"noreferrer noopener\">FACEBOOK CDF Prades sur Vernazobre<\/a><\/p>\n<\/div><\/div>\n\n\n\n<div class=\"wp-block-media-text alignwide is-stacked-on-mobile\" style=\"grid-template-columns:36% auto\"><figure class=\"wp-block-media-text__media\"><img decoding=\"async\" loading=\"lazy\" width=\"496\" height=\"287\" src=\"https:\/\/prades-sur-vernazobre.fr\/wp-content\/uploads\/2025\/09\/pradescreatif.gif\" alt=\"\" class=\"wp-image-1591 size-full\"\/><\/figure><div class=\"wp-block-media-text__content\">\n<p><strong><u>PRADES CR\u00c9ATIF<\/u><\/strong><br>Cette association a pour objectif de d\u00e9velopper la vie culturelle locale. Le c\u0153ur et l\u2019esprit de notre association reposent sur notre conviction que l\u2019art et la culture nous rassemblent tous et enrichissent nos vies. Il nous encourage \u00e0 nous faire des amis, \u00e0 accueillir les visiteurs, \u00e0 partager des id\u00e9es et \u00e0 d\u00e9velopper le potentiel cr\u00e9atif unique de chaque individu, jeune ou vieux.<\/p>\n\n\n\n<p>Pour en savoir plus : <a href=\"http:\/\/pradescreatif.com\" target=\"_blank\" rel=\"noreferrer noopener\">pradescreatif.com<\/a><\/p>\n<\/div><\/div>\n\n\n\n<div class=\"wp-block-media-text alignwide is-stacked-on-mobile\" style=\"grid-template-columns:36% auto\"><figure class=\"wp-block-media-text__media\"><img decoding=\"async\" loading=\"lazy\" width=\"789\" height=\"789\" src=\"http:\/\/prades-sur-vernazobre.fr\/wp-content\/uploads\/2025\/09\/cagnart-1.jpg\" alt=\"\" class=\"wp-image-1590 size-full\" srcset=\"http:\/\/prades-sur-vernazobre.fr\/wp-content\/uploads\/2025\/09\/cagnart-1.jpg 789w, http:\/\/prades-sur-vernazobre.fr\/wp-content\/uploads\/2025\/09\/cagnart-1-300x300.jpg 300w, http:\/\/prades-sur-vernazobre.fr\/wp-content\/uploads\/2025\/09\/cagnart-1-150x150.jpg 150w, http:\/\/prades-sur-vernazobre.fr\/wp-content\/uploads\/2025\/09\/cagnart-1-768x768.jpg 768w\" sizes=\"(max-width: 789px) 100vw, 789px\" \/><\/figure><div class=\"wp-block-media-text__content\">\n<p><strong><u>CAGN&rsquo;ART ASSO<\/u><\/strong><\/p>\n\n\n\n<p>L&rsquo;association \u00a0\u00bb CAGN&rsquo;ART\u00a0\u00bbpropose des soir\u00e9es conviviales et interg\u00e9n\u00e9rationnelles en compagnie des musiciens de la vall\u00e9e de l&rsquo;Orb.<\/p>\n\n\n\n<p>Pour en savoir plus : <a href=\"https:\/\/www.facebook.com\/Cagnart\" target=\"_blank\" rel=\"noreferrer noopener\">FACEBOOK CAGN&rsquo;ART ASSO<\/a><\/p>\n<\/div><\/div>\n\n\n\n<div class=\"wp-block-media-text alignwide is-stacked-on-mobile\" style=\"grid-template-columns:34% auto\"><figure class=\"wp-block-media-text__media\"><img decoding=\"async\" loading=\"lazy\" width=\"231\" height=\"112\" src=\"http:\/\/prades-sur-vernazobre.fr\/wp-content\/uploads\/2014\/03\/syndicat_chasse.jpg\" alt=\"\" class=\"wp-image-107 size-full\"\/><\/figure><div class=\"wp-block-media-text__content\">\n<p><strong><u>LE SYNDICAT DE CHASSE<\/u><\/strong><\/p>\n\n\n\n<p>Le syndicat de chasse cr\u00e9\u00e9 dans les ann\u00e9es 1930 regroupe les chasseurs et propri\u00e9taires du village.<br>Par ses actions, il participe \u00e0 la pr\u00e9servation du biotope, de l\u2019environnement et g\u00e8re la faune sauvage (petit gibier).<\/p>\n<\/div><\/div>\n\n\n\n<div class=\"wp-block-media-text alignwide is-stacked-on-mobile\" style=\"grid-template-columns:34% auto\"><figure class=\"wp-block-media-text__media\"><img decoding=\"async\" loading=\"lazy\" width=\"275\" height=\"183\" src=\"http:\/\/prades-sur-vernazobre.fr\/wp-content\/uploads\/2014\/03\/diane_chasse.jpg\" alt=\"\" class=\"wp-image-108 size-full\"\/><\/figure><div class=\"wp-block-media-text__content\">\n<p><strong><u>LA DIANE<\/u><\/strong><\/p>\n\n\n\n<p>La diane, compos\u00e9e par une petite \u00e9quipe de chasseurs aid\u00e9e de plusieurs meutes de chiens, traque le gros gibier durant la p\u00e9riode hivernale.<br>Le sanglier, animal mythique, \u00e9tait pratiquement absent de nos sous-bois il y a quelques centaines d\u2019ann\u00e9es. Du fait de l\u2019abandon des terres cultiv\u00e9es, il s\u2019est d\u00e9velopp\u00e9 d\u2019une mani\u00e8re tr\u00e8s forte. De nombreuses hardes peuplent aujourd\u2019hui nos for\u00eats de ch\u00eanes et d\u2019arbousiers.<br>Le chevreuil commence \u00e0 faire son apparition sur le territoire communal depuis quelques ann\u00e9es.<\/p>\n<\/div><\/div>\n\n\n\n<div class=\"wp-block-media-text alignwide is-stacked-on-mobile\" style=\"grid-template-columns:34% auto\"><figure class=\"wp-block-media-text__media\"><img decoding=\"async\" loading=\"lazy\" width=\"500\" height=\"404\" src=\"https:\/\/prades-sur-vernazobre.fr\/wp-content\/uploads\/2025\/09\/523333058_2163439347496365_5926098193276504649_n.gif\" alt=\"\" class=\"wp-image-1597 size-full\"\/><\/figure><div class=\"wp-block-media-text__content\">\n<p><strong><u>LES CABOURDS EN 4L<\/u><\/strong><br><br>r\u00e9alisation d&rsquo;\u00e9v\u00e9nements (tombola ; repas) ; afin de participer \u00e0 un rallye \u00e0 but humanitaire<\/p>\n<\/div><\/div>\n","protected":false},"excerpt":{"rendered":"<p>LE COMIT\u00c9 DES F\u00caTES Le comit\u00e9 des f\u00eates de Prades sur Vernazobre organise tout au long de l&rsquo;ann\u00e9e des manifestations diverses et vari\u00e9es :&#8211; BAL D&rsquo;OUVERTURE annon\u00e7ant l&rsquo;\u00e9t\u00e9 (en g\u00e9n\u00e9ral d\u00e9but juin) : une soir\u00e9e festive avec un repas&#8211; LA GRANDE F\u00caTE LOCALE avec ses splendides disco-mobiles, orchestres et duo r\u00e9tro pour les plus anciens&#8211; [&hellip;]<\/p>\n","protected":false},"author":1,"featured_media":0,"parent":0,"menu_order":0,"comment_status":"closed","ping_status":"closed","template":"","meta":[],"_links":{"self":[{"href":"http:\/\/prades-sur-vernazobre.fr\/index.php?rest_route=\/wp\/v2\/pages\/86"}],"collection":[{"href":"http:\/\/prades-sur-vernazobre.fr\/index.php?rest_route=\/wp\/v2\/pages"}],"about":[{"href":"http:\/\/prades-sur-vernazobre.fr\/index.php?rest_route=\/wp\/v2\/types\/page"}],"author":[{"embeddable":true,"href":"http:\/\/prades-sur-vernazobre.fr\/index.php?rest_route=\/wp\/v2\/users\/1"}],"replies":[{"embeddable":true,"href":"http:\/\/prades-sur-vernazobre.fr\/index.php?rest_route=%2Fwp%2Fv2%2Fcomments&post=86"}],"version-history":[{"count":82,"href":"http:\/\/prades-sur-vernazobre.fr\/index.php?rest_route=\/wp\/v2\/pages\/86\/revisions"}],"predecessor-version":[{"id":1603,"href":"http:\/\/prades-sur-vernazobre.fr\/index.php?rest_route=\/wp\/v2\/pages\/86\/revisions\/1603"}],"wp:attachment":[{"href":"http:\/\/prades-sur-vernazobre.fr\/index.php?rest_route=%2Fwp%2Fv2%2Fmedia&parent=86"}],"curies":[{"name":"wp","href":"https:\/\/api.w.org\/{rel}","templated":true}]}}

<div class="wp-block-media-text alignwide is-stacked-on-mobile" style="grid-template-columns:33% auto"><figure class="wp-block-media-text__media"><img decoding="async" loading="lazy" width="720" height="1024" src="http://prades-sur-vernazobre.fr/wp-content/uploads/2014/03/DOS_6-720x1024.jpg" alt="" class="wp-image-89 size-full" srcset="http://prades-sur-vernazobre.fr/wp-content/uploads/2014/03/DOS_6-720x1024.jpg 720w, http://prades-sur-vernazobre.fr/wp-content/uploads/2014/03/DOS_6-211x300.jpg 211w, http://prades-sur-vernazobre.fr/wp-content/uploads/2014/03/DOS_6.jpg 842w" sizes="(max-width: 720px) 100vw, 720px" /></figure><div class="wp-block-media-text__content">
<p> <strong><span style="text-decoration: underline;">LE COMITÉ DES FÊTES</span></strong><br><br>Le comité des fêtes de Prades sur Vernazobre organise tout au long de l&rsquo;année des manifestations diverses et variées :<br>&#8211; BAL D&rsquo;OUVERTURE annonçant l&rsquo;été (en général début juin) : une soirée festive avec un repas<br>&#8211; LA GRANDE FÊTE LOCALE avec ses splendides disco-mobiles, orchestres et duo rétro pour les plus anciens<br>&#8211; BAL DE FERMETURE (fin août) : une soirée festive avec BŒUF A LA BROCHE et animation DJ.<br><br>Prades sur Vernazobre est ainsi réputé pour être l’un des villages le plus festif du canton.<br><br>Pour en savoir plus : <a href="https://www.facebook.com/comite.pradessurvernazobres" target="_blank" rel="noreferrer noopener">FACEBOOK CDF Prades sur Vernazobre</a></p>
</div></div>



<div class="wp-block-media-text alignwide is-stacked-on-mobile" style="grid-template-columns:36% auto"><figure class="wp-block-media-text__media"><img decoding="async" loading="lazy" width="496" height="287" src="https://prades-sur-vernazobre.fr/wp-content/uploads/2025/09/pradescreatif.gif" alt="" class="wp-image-1591 size-full"/></figure><div class="wp-block-media-text__content">
<p><strong><u>PRADES CRÉATIF</u></strong><br>Cette association a pour objectif de développer la vie culturelle locale. Le cœur et l’esprit de notre association reposent sur notre conviction que l’art et la culture nous rassemblent tous et enrichissent nos vies. Il nous encourage à nous faire des amis, à accueillir les visiteurs, à partager des idées et à développer le potentiel créatif unique de chaque individu, jeune ou vieux.</p>



<p>Pour en savoir plus : <a href="http://pradescreatif.com" target="_blank" rel="noreferrer noopener">pradescreatif.com</a></p>
</div></div>



<div class="wp-block-media-text alignwide is-stacked-on-mobile" style="grid-template-columns:36% auto"><figure class="wp-block-media-text__media"><img decoding="async" loading="lazy" width="789" height="789" src="http://prades-sur-vernazobre.fr/wp-content/uploads/2025/09/cagnart-1.jpg" alt="" class="wp-image-1590 size-full" srcset="http://prades-sur-vernazobre.fr/wp-content/uploads/2025/09/cagnart-1.jpg 789w, http://prades-sur-vernazobre.fr/wp-content/uploads/2025/09/cagnart-1-300x300.jpg 300w, http://prades-sur-vernazobre.fr/wp-content/uploads/2025/09/cagnart-1-150x150.jpg 150w, http://prades-sur-vernazobre.fr/wp-content/uploads/2025/09/cagnart-1-768x768.jpg 768w" sizes="(max-width: 789px) 100vw, 789px" /></figure><div class="wp-block-media-text__content">
<p><strong><u>CAGN&rsquo;ART ASSO</u></strong></p>



<p>L&rsquo;association  » CAGN&rsquo;ART »propose des soirées conviviales et intergénérationnelles en compagnie des musiciens de la vallée de l&rsquo;Orb.</p>



<p>Pour en savoir plus : <a href="https://www.facebook.com/Cagnart" target="_blank" rel="noreferrer noopener">FACEBOOK CAGN&rsquo;ART ASSO</a></p>
</div></div>



<div class="wp-block-media-text alignwide is-stacked-on-mobile" style="grid-template-columns:34% auto"><figure class="wp-block-media-text__media"><img decoding="async" loading="lazy" width="231" height="112" src="http://prades-sur-vernazobre.fr/wp-content/uploads/2014/03/syndicat_chasse.jpg" alt="" class="wp-image-107 size-full"/></figure><div class="wp-block-media-text__content">
<p><strong><u>LE SYNDICAT DE CHASSE</u></strong></p>



<p>Le syndicat de chasse créé dans les années 1930 regroupe les chasseurs et propriétaires du village.<br>Par ses actions, il participe à la préservation du biotope, de l’environnement et gère la faune sauvage (petit gibier).</p>
</div></div>



<div class="wp-block-media-text alignwide is-stacked-on-mobile" style="grid-template-columns:34% auto"><figure class="wp-block-media-text__media"><img decoding="async" loading="lazy" width="275" height="183" src="http://prades-sur-vernazobre.fr/wp-content/uploads/2014/03/diane_chasse.jpg" alt="" class="wp-image-108 size-full"/></figure><div class="wp-block-media-text__content">
<p><strong><u>LA DIANE</u></strong></p>



<p>La diane, composée par une petite équipe de chasseurs aidée de plusieurs meutes de chiens, traque le gros gibier durant la période hivernale.<br>Le sanglier, animal mythique, était pratiquement absent de nos sous-bois il y a quelques centaines d’années. Du fait de l’abandon des terres cultivées, il s’est développé d’une manière très forte. De nombreuses hardes peuplent aujourd’hui nos forêts de chênes et d’arbousiers.<br>Le chevreuil commence à faire son apparition sur le territoire communal depuis quelques années.</p>
</div></div>



<div class="wp-block-media-text alignwide is-stacked-on-mobile" style="grid-template-columns:34% auto"><figure class="wp-block-media-text__media"><img decoding="async" loading="lazy" width="500" height="404" src="https://prades-sur-vernazobre.fr/wp-content/uploads/2025/09/523333058_2163439347496365_5926098193276504649_n.gif" alt="" class="wp-image-1597 size-full"/></figure><div class="wp-block-media-text__content">
<p><strong><u>LES CABOURDS EN 4L</u></strong><br><br>réalisation d&rsquo;événements (tombola ; repas) ; afin de participer à un rallye à but humanitaire</p>
</div></div>

<p>LE COMITÉ DES FÊTES Le comité des fêtes de Prades sur Vernazobre organise tout au long de l&rsquo;année des manifestations diverses et variées :&#8211; BAL D&rsquo;OUVERTURE annonçant l&rsquo;été (en général début juin) : une soirée festive avec un repas&#8211; LA GRANDE FÊTE LOCALE avec ses splendides disco-mobiles, orchestres et duo rétro pour les plus anciens&#8211; [&hellip;]</p>
