{"id":1040,"date":"2020-03-17T17:33:03","date_gmt":"2020-03-17T16:33:03","guid":{"rendered":"http:\/\/prades-sur-vernazobre.fr\/?page_id=1040"},"modified":"2026-03-25T11:21:42","modified_gmt":"2026-03-25T10:21:42","slug":"information-plui","status":"publish","type":"page","link":"https:\/\/prades-sur-vernazobre.fr\/?page_id=1040","title":{"rendered":"Information PLUI"},"content":{"rendered":"<p><u>Plan Local d\u2019Urbanisme intercommunal (PLUi)<\/u><\/p>\n<p>Le PLUi a \u00e9t\u00e9 approuv\u00e9 en Conseil Communautaire le 24 janvier 2023. La d\u00e9lib\u00e9ration relative \u00e0 l\u2019approbation du PLUi et \u00e0 l\u2019abrogation des cartes communales de Montouliers et Villespassans est en ligne ci-dessous :<\/p>\n<ul>\n<li><a href=\"..\/plui\/2023-001_deliberation_PLUi_visee_pref.pdf\">D\u00e9lib\u00e9ration n\u00b02023-001 relative \u00e0 l\u2019approbation du Plan Local d\u2019Urbanisme intercommunal (PLUi) et \u00e0 l\u2019abrogation des cartes communales de Montouliers et Villespassans.<\/a><\/li>\n<li><a href=\"..\/plui\/2023-001_annexe_deliberation_PLUi_visee_pref.pdf\">Annexe \u00e0 la d\u00e9lib\u00e9ration n\u00b02023-001 relative \u00e0 l\u2019approbation du Plan Local d\u2019Urbanisme intercommunal (PLUi) et \u00e0 l\u2019abrogation des cartes communales de Montouliers et Villespassans.<\/a><\/li>\n<\/ul>\n<p><strong>Depuis le 2 f\u00e9vrier 2023,&nbsp; le PLUi est ex\u00e9cutoire<\/strong> sur l\u2019ensemble du territoire de la Communaut\u00e9 de Communes Sud-H\u00e9rault. Vous pouvez d\u00e8s \u00e0 pr\u00e9sent le consulter sur le site du <strong><a href=\"https:\/\/www.geoportail-urbanisme.gouv.fr\/map\/#tile=1&amp;lon=3.0521873415595295&amp;lat=43.367567867809385&amp;zoom=13&amp;mlon=3.052187&amp;mlat=43.367568\">G\u00e9oportail de l\u2019Urbanisme<\/a><\/strong>.<\/p>\n<p>Le document est int\u00e9gralement t\u00e9l\u00e9chargeable en suivant les liens ci-dessous :<\/p>\n<p><strong><u>I \u2013 Rapport de Pr\u00e9sentation :<\/u><\/strong><\/p>\n<ul>\n<li><a href=\"..\/plui\/PLUi_CCSH_1.1_Contexte_conclusions_diagnostics-1.pdf\" target=\"_blank\" rel=\"noopener noreferrer\">1.1 Contexte et conclusions<\/a><\/li>\n<li><a href=\"..\/plui\/PLUi_CCSH_1.2_Analyse_des_capacites_de_densification-1.pdf\" target=\"_blank\" rel=\"noopener noreferrer\">1.2 Analyse des capacit\u00e9s de densification<\/a><\/li>\n<li><a href=\"..\/plui\/PLUi_CCSH_1.3_EIE.pdf\" target=\"_blank\" rel=\"noopener noreferrer\">1.3 Etat Initial de l\u2019environnement<\/a><\/li>\n<li><a href=\"..\/plui\/PLUI_CCSH_1.4_Justifications_choix.pdf\" target=\"_blank\" rel=\"noopener noreferrer\">1.4 Justifications des choix retenus<\/a><\/li>\n<li><a href=\"..\/plui\/PLUi_CCSH_1.5.a_Evaluation_Environnementale-1.pdf\" target=\"_blank\" rel=\"noopener noreferrer\">1.5. a Evaluation Environnementale<\/a><\/li>\n<li><a href=\"..\/plui\/PLUi_CCSH_1.5.b_Resume_non_Technique_Evaluation-1.pdf\" target=\"_blank\" rel=\"noopener noreferrer\">1.5. b R\u00e9sum\u00e9 non Technique de l\u2019\u00e9valuation environnementale.<\/a><\/li>\n<li><a href=\"..\/plui\/PLUi_CCSH_Annexe_1_Diagnostic_socio-economique-1.pdf\" target=\"_blank\" rel=\"noopener noreferrer\">Annexe 1&nbsp;: Diagnostic socio-\u00e9conomique<\/a><\/li>\n<li><a href=\"..\/plui\/PLUi_CCSH_Annexe_2_Diagnostic_agricole-1.pdf\" target=\"_blank\" rel=\"noopener noreferrer\">Annexe 2&nbsp;: Diagnostic agricole<\/a><\/li>\n<\/ul>\n<p><strong><u>II \u2013 Projet d\u2019Am\u00e9nagement et de D\u00e9veloppement Durables (PADD) :<\/u><\/strong><\/p>\n<ul>\n<li><a href=\"..\/plui\/PLUi_CCSH_PADD-1.pdf\" target=\"_blank\" rel=\"noopener noreferrer\">2 PADD<\/a><\/li>\n<\/ul>\n<p><strong><u>III \u2013 R\u00e8glement :<\/u><\/strong><\/p>\n<ul>\n<li><a href=\"..\/plui\/PLU_CCSH_3.1_reglement-1.pdf\" target=\"_blank\" rel=\"noopener noreferrer\">3.1 R\u00e8glement \u00e9crit<\/a><\/li>\n<li>&nbsp;<\/li>\n<li><a href=\"..\/plui\/200042653_reglement_graphique_Assignan_20230124.zip\" target=\"_blank\" rel=\"noopener noreferrer\">R\u00e8glement graphique&nbsp;: Assignan<\/a><\/li>\n<li><a href=\"..\/plui\/200042653_reglement_graphique_Babeau-Bouldoux__20230124.zip\" target=\"_blank\" rel=\"noopener noreferrer\">R\u00e8glement graphique&nbsp;: Babeau-Bouldoux<\/a><\/li>\n<li><a href=\"..\/plui\/200042653_reglement_graphique_Capestang_20230124.zip\" target=\"_blank\" rel=\"noopener noreferrer\">R\u00e8glement graphique&nbsp;: Capestang<\/a><\/li>\n<li><a href=\"..\/plui\/200042653_reglement_graphique_Cazedarnes_20230124.zip\" target=\"_blank\" rel=\"noopener noreferrer\">R\u00e8glement graphique&nbsp;: Cazedarnes<\/a><\/li>\n<li><a href=\"..\/plui\/200042653_reglement_graphique_Cebazan_20230124.zip\" target=\"_blank\" rel=\"noopener noreferrer\">R\u00e8glement graphique&nbsp;: C\u00e9bazan<\/a><\/li>\n<li><a href=\"..\/plui\/200042653_reglement_graphique_Cessenon-sur-Orb_20230124.zip\" target=\"_blank\" rel=\"noopener noreferrer\">R\u00e8glement graphique&nbsp;: Cessenon-sur-Orb<\/a><\/li>\n<li><a href=\"..\/plui\/200042653_reglement_graphique_Creissan_20230124.zip\" target=\"_blank\" rel=\"noopener noreferrer\">R\u00e8glement graphique&nbsp;: Creissan<\/a><\/li>\n<li><a href=\"..\/plui\/200042653_reglement_graphique_Cruzy_20230124.zip\" target=\"_blank\" rel=\"noopener noreferrer\">R\u00e8glement graphique&nbsp;: Cruzy<\/a><\/li>\n<li><a href=\"..\/plui\/200042653_reglement_graphique_Montels_20230124.zip\" target=\"_blank\" rel=\"noopener noreferrer\">R\u00e8glement graphique&nbsp;: Montels<\/a><\/li>\n<li><a href=\"..\/plui\/200042653_reglement_graphique_Montouliers_20230124.zip\" target=\"_blank\" rel=\"noopener noreferrer\">R\u00e8glement graphique&nbsp;: Montouliers<\/a><\/li>\n<li><a href=\"..\/plui\/200042653_reglement_graphique_Pierrerue_20230124.zip\" target=\"_blank\" rel=\"noopener noreferrer\">R\u00e8glement graphique&nbsp;: Pierrerue<\/a><\/li>\n<li><a href=\"..\/plui\/200042653_reglement_graphique_Poilhes_20230124.zip\" target=\"_blank\" rel=\"noopener noreferrer\">R\u00e8glement graphique&nbsp;: Poilhes<\/a><\/li>\n<li><a href=\"..\/plui\/200042653_reglement_graphique_Prades-sur-Vernazobre_20230124.zip\" target=\"_blank\" rel=\"noopener noreferrer\">R\u00e8glement graphique&nbsp;: Prades-sur-Vernazobre<\/a><\/li>\n<li><a href=\"..\/plui\/200042653_reglement_graphique_Puisserguier_20230124.zip\" target=\"_blank\" rel=\"noopener noreferrer\">R\u00e8glement graphique&nbsp;: Puisserguier<\/a><\/li>\n<li><a href=\"..\/plui\/200042653_reglement_graphique_Quarante_20230124.zip\" target=\"_blank\" rel=\"noopener noreferrer\">R\u00e8glement graphique&nbsp;: Quarante<\/a><\/li>\n<li><a href=\"..\/plui\/200042653_reglement_graphique_Saint-Chinian_20230124.zip\" target=\"_blank\" rel=\"noopener noreferrer\">R\u00e8glement graphique&nbsp;: Saint-Chinian<\/a><\/li>\n<li><a href=\"..\/plui\/200042653_reglement_graphique_Villespassans_20230124.zip\" target=\"_blank\" rel=\"noopener noreferrer\">R\u00e8glement graphique&nbsp;: Villespassans<\/a><\/li>\n<\/ul>\n<p><strong><u>IV \u2013 Annexes :<\/u><\/strong><\/p>\n<ul>\n<li><a href=\"..\/plui\/4.1_Listes_des_annexes_SUP_et_autres_annexes.pdf\" target=\"_blank\" rel=\"noopener noreferrer\">4.1 Listes des annexes : Servitudes d\u2019Utilit\u00e9 Publique et autres annexes<\/a><\/li>\n<li><a href=\"..\/plui\/4.2_PLUI_CCSH_PLANS_SUP.zip\" target=\"_blank\" rel=\"noopener noreferrer\">4.2 Plans des Servitudes d\u2019Utilit\u00e9 Publique<\/a><\/li>\n<li><a href=\"..\/plui\/4.3.c-EDL_EU_partie_1.zip\" target=\"_blank\" rel=\"noopener noreferrer\">4.3 Annexes sanitaires_partie_1<\/a><\/li>\n<li><a href=\"..\/plui\/4.3.d-EDL_EP_partie_2.pdf\" target=\"_blank\" rel=\"noopener noreferrer\">4.3 Annexes sanitaires_partie_2<\/a><\/li>\n<li><a href=\"..\/plui\/4.3.e-horizon_AEP_partie_3.zip\" target=\"_blank\" rel=\"noopener noreferrer\">4.3 Annexes sanitaires_partie_3<\/a><\/li>\n<li><a href=\"..\/plui\/200042653_plan_hors_sup_Territoire-communautaire_20230124.pdf\" target=\"_blank\" rel=\"noopener noreferrer\">4.4 Plan des annexes : \u00e9chelle communautaire<\/a><\/li>\n<li><a href=\"..\/plui\/Risques_naturels.zip\">4.4 Plans des risques naturels : \u00e9chelles communales<\/a><\/li>\n<\/ul>\n<p><strong><u>V \u2013 Orientations d\u2019Am\u00e9nagement et de Programmation (OAP) :<\/u><\/strong><\/p>\n<ul>\n<li><a href=\"..\/plui\/PLUI_CCSH_OAP_5.1.a_canal_du_Midi.pdf\" target=\"_blank\" rel=\"noopener noreferrer\">5.1a OAP Canal du Midi<\/a><\/li>\n<li><a href=\"..\/plui\/PLUI_CCSH_OAP_5.1.b_entree_de_ville-1.pdf\" target=\"_blank\" rel=\"noopener noreferrer\">5.1b OAP Entr\u00e9e de ville<\/a><\/li>\n<li><a href=\"..\/plui\/PLUI_CCSH_OAP_5.2_OAP_sectorielles-1.pdf\" target=\"_blank\" rel=\"noopener noreferrer\">5.2 OAP sectorielles<\/a><\/li>\n<\/ul>\n<p><strong><u>Projet de P\u00e9rim\u00e8tres D\u00e9limit\u00e9s des Abords (PDA) sur les communes de Capestang, Cessenon-sur-Orb, Montels et Puisserguier&nbsp;:<\/u><\/strong><\/p>\n<ul>\n<li><a href=\"..\/plui\/Notes-justificatives.pdf\" target=\"_blank\" rel=\"noopener noreferrer\">Notes justificatives<\/a><\/li>\n<li><a href=\"..\/plui\/Propositions-de-perimetres.pdf\" target=\"_blank\" rel=\"noopener noreferrer\">Propositions de p\u00e9rim\u00e8tres<\/a><\/li>\n<li><a href=\"..\/plui\/Deliberations-communales.pdf\" target=\"_blank\" rel=\"noopener noreferrer\">D\u00e9lib\u00e9rations communales<\/a><\/li>\n<\/ul>\n<p><strong><u>Dossier administratif :<\/u><\/strong><\/p>\n<ul>\n<li><a href=\"..\/plui\/2015-130-prescription-PLUI.pdf\">D\u00e9lib\u00e9ration de prescription de l\u2019\u00e9laboration d\u2019un Plan Local d\u2019Urbanisme Intercommunal<\/a><\/li>\n<li><a href=\"..\/plui\/2019_001-PADD-PLUi.pdf\">D\u00e9lib\u00e9ration sur le PADD du PLUi<\/a><\/li>\n<li><a href=\"..\/plui\/DEBAT-sur-les-orientations-generales-du-PADD.pdf\">D\u00e9lib\u00e9ration du d\u00e9bat sur les orientations g\u00e9n\u00e9rales du PADD<\/a><\/li>\n<li><a href=\"..\/plui\/2022-023-Bilan-concertation-et-arret-projet-PLUI.pdf\">D\u00e9lib\u00e9ration sur le bilan de la concertation et arr\u00eat du projet du PLUi<\/a><\/li>\n<li><a href=\"..\/plui\/Deliberation-Prescription-procedure-dabrogation-cartes-communales-de-Montouliers-et-Villespassans.pdf\">D\u00e9lib\u00e9ration de prescription d\u2019une proc\u00e9dure d\u2019abrogation des cartes communales des communes de Montouliers et Villespassans<\/a><\/li>\n<li><a href=\"..\/plui\/Decision-TA-Nomination-commissaire-enqueteur.pdf\">D\u00e9cision n\u00b0E22000061\/34 du Tribunal Administratif de Montpellier en date du 10\/05\/2022 portant d\u00e9signation du commissaire enqu\u00eateur<\/a><\/li>\n<li><a href=\"..\/plui\/Annule-et-remplace-Decision-TA-Nomination-commissaire-enqueteur.pdf\">ANNULE ET REMPLACE D\u00e9cision n\u00b0E22000061\/34 du Tribunal Administratif de Montpellier en date du 18\/05\/2022 portant d\u00e9signation du commissaire enqu\u00eateur<\/a><\/li>\n<li><a href=\"..\/plui\/2022-189-Arrete-douverture-denquete-publique-PLUi-signe-et-vise.pdf\">Arr\u00eat\u00e9 d\u2019ouverture d\u2019enqu\u00eate publique<\/a><\/li>\n<li><a href=\"..\/plui\/Avis-denquete-publique.pdf\">Avis d\u2019enqu\u00eate publique<\/a><\/li>\n<li><a href=\"..\/plui\/Annonce-legale-La-Marseillaise-1ere-publication.pdf\">Annonce l\u00e9gale : La Marseillaise (17\/06\/2022)<\/a><\/li>\n<li><a href=\"..\/plui\/Annonce-legale-Midi-Libre-1ere-publication.pdf\">Annonce l\u00e9gale : Midi Libre (18\/06\/2022)<\/a><\/li>\n<li><a href=\"..\/plui\/Delib-abrogation-CC-Montouliers.pdf\">D\u00e9lib\u00e9ration d\u2019avis sur l\u2019abrogation de la carte communale de Montouliers et l\u2019approbation du PLUi<\/a><\/li>\n<li><a href=\"..\/plui\/Delib-abrogation-CC-executoire-Villespassans.pdf\">D\u00e9lib\u00e9ration d\u2019avis sur l\u2019abrogation de la carte communale de Villespassans et l\u2019approbation du PLUi<\/a><\/li>\n<li><a href=\"..\/plui\/Annonce-legale-Midi-Libre-approbation-17.pdf\">Annonce l\u00e9gale : Le Midi Libre (28\/01\/2023)<\/a><\/li>\n<\/ul>\n<p><strong><u>Avis des Personnes Publiques Associ\u00e9es :&nbsp;<\/u><\/strong><\/p>\n<ul>\n<li><a href=\"..\/plui\/Avis_PLUi_SDIS.pdf\">Avis du Service D\u00e9partemental d\u2019Incendie et de Secours (SDIS)<\/a><\/li>\n<li><a href=\"..\/plui\/Avis_PLUi_INAO.pdf\">Avis de l\u2019INAO<\/a><\/li>\n<li><a href=\"..\/plui\/Avis_PLUi_Roquebrun.pdf\">Avis de la commune de Roquebrun<\/a><\/li>\n<li><a href=\"..\/plui\/Avis_PLUi_Chambre-des-metiers.pdf\">Avis de la Chambre des M\u00e9tiers et de l\u2019Artisanat (CMA)<\/a><\/li>\n<li><a href=\"..\/plui\/Avis_PLUi_Chambre-dAgriculture.pdf\">Avis de la Chambre d\u2019Agriculture<\/a><\/li>\n<li><a href=\"..\/plui\/Avis_PLUi_DDTM.pdf\">Avis de la Direction D\u00e9partementale des Territoires et de la Mer (DDTM)<\/a><\/li>\n<li><a href=\"..\/plui\/Avis_PLUi_CDPENAF.pdf\">Avis de la Commission D\u00e9partementale de la Pr\u00e9servation des Espaces Naturels, Agricoles et Forestiers (CDPENAF)<\/a><\/li>\n<li><a href=\"..\/plui\/Avis_PLUi_Departement.pdf\" target=\"_blank\" rel=\"noopener noreferrer\">Avis du Conseil D\u00e9partemental de l\u2019H\u00e9rault<\/a><\/li>\n<li><a href=\"..\/plui\/Avis_PLUi_MRAe.pdf\" target=\"_blank\" rel=\"noopener noreferrer\">Avis de la Mission R\u00e9gionale d\u2019Autorit\u00e9 environnementale (MRAe)<\/a><\/li>\n<\/ul>\n<p><strong><u>Rapport d\u2019enqu\u00eate publique :&nbsp;<\/u><\/strong><\/p>\n<ul>\n<li><a href=\"https:\/\/www.cc-sud-herault.fr\/urbanisme\/plan-local-durbanisme-intercommunal-plui\/rapport-denquete-publique\/\">Rapport du commissaire enqu\u00eateur<\/a><\/li>\n<\/ul>\n<p>Si vous constatez une difficult\u00e9 dans l\u2019ouverture et le t\u00e9l\u00e9chargement de fichier, merci de nous en informer.<\/p>\n<p><a href=\"https:\/\/www.cc-sud-herault.fr\/urbanisme\/plan-local-durbanisme-intercommunal-plui\/dossier-approuve\/\" data-saferedirecturl=\"https:\/\/www.google.com\/url?q=https:\/\/www.cc-sud-herault.fr\/urbanisme\/plan-local-durbanisme-intercommunal-plui\/dossier-approuve\/&amp;source=gmail&amp;ust=1648901916107000&amp;usg=AOvVaw0UowpTq1WPvvhvEzpqARLt\" data-wplink-edit=\"true\" target=\"_blank\" rel=\"noopener\">https:\/\/www.cc-sud-herault.fr\/urbanisme\/plan-local-durbanisme-intercommunal-plui\/<\/a><br \/>\n&#8212;&#8212;&#8212;&#8212;&#8212;&#8212;&#8212;&#8212;&#8212;&#8212;&#8212;&#8212;&#8212;&#8212;&#8212;&#8212;&#8212;&#8212;&#8212;&#8212;&#8212;&#8212;&#8212;-<br \/>\nDans le cadre de la proc\u00e9dure de modification n\u00b01 du PLUi et notamment du lancement de la concertation du public \u00e0 partir du 12 janvier 2026 d\u00e8s 8h.<br \/>\nProjet de modification : <b>&nbsp;<a id=\"m_-4654632318592674823OWA633f9013-4478-4cda-f9c9-250332da7e5e_oo_editor_Editor_7_sandBox\" href=\"https:\/\/www.cc-sud-herault.fr\/urbanisme\/plan-local-durbanisme-intercommunal-plui\/modification-de-droit-commun-n1-du-plui\/\" target=\"_blank\" rel=\"noopener\" data-saferedirecturl=\"https:\/\/www.google.com\/url?q=https:\/\/www.cc-sud-herault.fr\/urbanisme\/plan-local-durbanisme-intercommunal-plui\/modification-de-droit-commun-n1-du-plui\/&amp;source=gmail&amp;ust=1768658260816000&amp;usg=AOvVaw2RIWgLYNG_tIVTqwkZU6oM\">https:\/\/www.cc-sud-herault.<wbr><span class=\"il\">fr<\/span>\/urbanisme\/plan-local-<wbr>durbanisme-intercommunal-plui\/<wbr>modification-de-droit-commun-<wbr>n1-du-plui\/<\/a><\/b><\/p>\n<p>&nbsp;<\/p>\n<p><b>Extrait du registre des d\u00e9lib\u00e9rations : <a href=\"..\/plui\/extrait_delib_plui_modif1.pdf\" target=\"_blank\" rel=\"noopener\">PLUI DEFINITION MODALITES MODIF N 1<\/a><\/b><\/p>\n","protected":false},"excerpt":{"rendered":"<p>Plan Local d\u2019Urbanisme intercommunal (PLUi) Le PLUi a \u00e9t\u00e9 approuv\u00e9 en Conseil Communautaire le 24 janvier 2023. La d\u00e9lib\u00e9ration relative \u00e0 l\u2019approbation du PLUi et \u00e0 l\u2019abrogation des cartes communales de Montouliers et Villespassans est en ligne ci-dessous : D\u00e9lib\u00e9ration n\u00b02023-001 relative \u00e0 l\u2019approbation du Plan Local d\u2019Urbanisme intercommunal (PLUi) et \u00e0 l\u2019abrogation des cartes [&hellip;]<\/p>\n","protected":false},"author":1,"featured_media":0,"parent":0,"menu_order":0,"comment_status":"closed","ping_status":"closed","template":"","meta":[],"_links":{"self":[{"href":"https:\/\/prades-sur-vernazobre.fr\/index.php?rest_route=\/wp\/v2\/pages\/1040"}],"collection":[{"href":"https:\/\/prades-sur-vernazobre.fr\/index.php?rest_route=\/wp\/v2\/pages"}],"about":[{"href":"https:\/\/prades-sur-vernazobre.fr\/index.php?rest_route=\/wp\/v2\/types\/page"}],"author":[{"embeddable":true,"href":"https:\/\/prades-sur-vernazobre.fr\/index.php?rest_route=\/wp\/v2\/users\/1"}],"replies":[{"embeddable":true,"href":"https:\/\/prades-sur-vernazobre.fr\/index.php?rest_route=%2Fwp%2Fv2%2Fcomments&post=1040"}],"version-history":[{"count":21,"href":"https:\/\/prades-sur-vernazobre.fr\/index.php?rest_route=\/wp\/v2\/pages\/1040\/revisions"}],"predecessor-version":[{"id":1664,"href":"https:\/\/prades-sur-vernazobre.fr\/index.php?rest_route=\/wp\/v2\/pages\/1040\/revisions\/1664"}],"wp:attachment":[{"href":"https:\/\/prades-sur-vernazobre.fr\/index.php?rest_route=%2Fwp%2Fv2%2Fmedia&parent=1040"}],"curies":[{"name":"wp","href":"https:\/\/api.w.org\/{rel}","templated":true}]}}