{"id":1390,"date":"2023-02-23T13:10:42","date_gmt":"2023-02-23T12:10:42","guid":{"rendered":"http:\/\/prades-sur-vernazobre.fr\/?page_id=1390"},"modified":"2023-02-23T13:21:53","modified_gmt":"2023-02-23T12:21:53","slug":"projet-scot-biterrois","status":"publish","type":"page","link":"https:\/\/prades-sur-vernazobre.fr\/?page_id=1390","title":{"rendered":"Projet SCoT Biterrois"},"content":{"rendered":"\n<center><figure class=\"wp-block-image size-large\"><img decoding=\"async\" loading=\"lazy\" width=\"250\" height=\"93\" src=\"http:\/\/prades-sur-vernazobre.fr\/wp-content\/uploads\/2023\/02\/logoscot.gif\" alt=\"\" class=\"wp-image-1397\"\/><\/figure><\/center>\n\n\n\n<p>Le SCoT est un document d&rsquo;urbanisme et de planification intercommunal opposable juridiquement, notamment aux Plans Locaux d&rsquo;Urbanisme (PLU) communaux ou intercommunaux (PLUi).<br>Il fixe les objectifs et orientations du territoire \u00e0 20 ans en mati\u00e8re de gestion \u00e9conome et de lutte contre l&rsquo;artificialisation des sols, de logement, de transports et de d\u00e9placements, d&rsquo;implantation commerciale, de pr\u00e9servation des ressources naturelles, de protection et de mise en valeur des espaces naturels, forestiers et des paysages.<br>Le SCoT du Biterrois couvre le p\u00e9rim\u00e8tre des Communaut\u00e9s d&rsquo;Agglom\u00e9ration B\u00e9ziers M\u00e9diterran\u00e9e et H\u00e9rault M\u00e9diterran\u00e9e, des Communaut\u00e9s de Communes La Domitienne, les Avant-Monts et Sud H\u00e9rault, soit 87 communes.<\/p>\n\n\n\n<p><br><br><strong>Le projet de SCoT du Biterrois entre en phase d\u2019enqu\u00eate publique\u00a0(du lundi 6 mars 9h au vendredi 7 avril 17h). <\/strong><br><strong>Le dossier est consultable sur le site internet : <a rel=\"noreferrer noopener\" href=\"https:\/\/www.democratie-active.fr\/scot-biterrois-2040\/\" target=\"_blank\">https:\/\/www.democratie-active.fr\/scot-biterrois-2040\/<\/a><\/strong><\/p>\n\n\n\n<p><\/p>\n","protected":false},"excerpt":{"rendered":"<p>Le SCoT est un document d&rsquo;urbanisme et de planification intercommunal opposable juridiquement, notamment aux Plans Locaux d&rsquo;Urbanisme (PLU) communaux ou intercommunaux (PLUi).Il fixe les objectifs et orientations du territoire \u00e0 20 ans en mati\u00e8re de gestion \u00e9conome et de lutte contre l&rsquo;artificialisation des sols, de logement, de transports et de d\u00e9placements, d&rsquo;implantation commerciale, de pr\u00e9servation [&hellip;]<\/p>\n","protected":false},"author":1,"featured_media":0,"parent":0,"menu_order":0,"comment_status":"closed","ping_status":"closed","template":"","meta":[],"_links":{"self":[{"href":"https:\/\/prades-sur-vernazobre.fr\/index.php?rest_route=\/wp\/v2\/pages\/1390"}],"collection":[{"href":"https:\/\/prades-sur-vernazobre.fr\/index.php?rest_route=\/wp\/v2\/pages"}],"about":[{"href":"https:\/\/prades-sur-vernazobre.fr\/index.php?rest_route=\/wp\/v2\/types\/page"}],"author":[{"embeddable":true,"href":"https:\/\/prades-sur-vernazobre.fr\/index.php?rest_route=\/wp\/v2\/users\/1"}],"replies":[{"embeddable":true,"href":"https:\/\/prades-sur-vernazobre.fr\/index.php?rest_route=%2Fwp%2Fv2%2Fcomments&post=1390"}],"version-history":[{"count":5,"href":"https:\/\/prades-sur-vernazobre.fr\/index.php?rest_route=\/wp\/v2\/pages\/1390\/revisions"}],"predecessor-version":[{"id":1399,"href":"https:\/\/prades-sur-vernazobre.fr\/index.php?rest_route=\/wp\/v2\/pages\/1390\/revisions\/1399"}],"wp:attachment":[{"href":"https:\/\/prades-sur-vernazobre.fr\/index.php?rest_route=%2Fwp%2Fv2%2Fmedia&parent=1390"}],"curies":[{"name":"wp","href":"https:\/\/api.w.org\/{rel}","templated":true}]}}

<center><figure class="wp-block-image size-large"><img decoding="async" loading="lazy" width="250" height="93" src="http://prades-sur-vernazobre.fr/wp-content/uploads/2023/02/logoscot.gif" alt="" class="wp-image-1397"/></figure></center>



<p>Le SCoT est un document d&rsquo;urbanisme et de planification intercommunal opposable juridiquement, notamment aux Plans Locaux d&rsquo;Urbanisme (PLU) communaux ou intercommunaux (PLUi).<br>Il fixe les objectifs et orientations du territoire à 20 ans en matière de gestion économe et de lutte contre l&rsquo;artificialisation des sols, de logement, de transports et de déplacements, d&rsquo;implantation commerciale, de préservation des ressources naturelles, de protection et de mise en valeur des espaces naturels, forestiers et des paysages.<br>Le SCoT du Biterrois couvre le périmètre des Communautés d&rsquo;Agglomération Béziers Méditerranée et Hérault Méditerranée, des Communautés de Communes La Domitienne, les Avant-Monts et Sud Hérault, soit 87 communes.</p>



<p><br><br><strong>Le projet de SCoT du Biterrois entre en phase d’enquête publique (du lundi 6 mars 9h au vendredi 7 avril 17h). </strong><br><strong>Le dossier est consultable sur le site internet : <a rel="noreferrer noopener" href="https://www.democratie-active.fr/scot-biterrois-2040/" target="_blank">https://www.democratie-active.fr/scot-biterrois-2040/</a></strong></p>



<p></p>

<p>Le SCoT est un document d&rsquo;urbanisme et de planification intercommunal opposable juridiquement, notamment aux Plans Locaux d&rsquo;Urbanisme (PLU) communaux ou intercommunaux (PLUi).Il fixe les objectifs et orientations du territoire à 20 ans en matière de gestion économe et de lutte contre l&rsquo;artificialisation des sols, de logement, de transports et de déplacements, d&rsquo;implantation commerciale, de préservation [&hellip;]</p>
