{"id":1431,"date":"2023-06-10T12:18:06","date_gmt":"2023-06-10T11:18:06","guid":{"rendered":"https:\/\/prades-sur-vernazobre.fr\/?page_id=1431"},"modified":"2023-06-10T12:18:07","modified_gmt":"2023-06-10T11:18:07","slug":"son-histoire","status":"publish","type":"page","link":"https:\/\/prades-sur-vernazobre.fr\/?page_id=1431","title":{"rendered":"Son histoire &#8230;"},"content":{"rendered":"\n<center><figure class=\"wp-block-image size-full is-resized\"><a href=\"https:\/\/prades-sur-vernazobre.fr\/wp-content\/uploads\/2023\/06\/blason.jpg\"><img decoding=\"async\" loading=\"lazy\" src=\"https:\/\/prades-sur-vernazobre.fr\/wp-content\/uploads\/2023\/06\/blason.jpg\" alt=\"\" class=\"wp-image-1432\" width=\"112\" height=\"142\" srcset=\"https:\/\/prades-sur-vernazobre.fr\/wp-content\/uploads\/2023\/06\/blason.jpg 447w, https:\/\/prades-sur-vernazobre.fr\/wp-content\/uploads\/2023\/06\/blason-237x300.jpg 237w\" sizes=\"(max-width: 112px) 100vw, 112px\" \/><\/a><\/figure><\/center>\n\n\n\n<p class=\"has-text-align-left\">Le nom VERNAZOBRE Vient de VERNUS (latin) et de DUBRUN (celte) soit AULNE et EAU d\u2019o\u00f9 RIVI\u00c8RE DES AULNES.<br>Prades sur Vernazobre a longtemps \u00e9t\u00e9 un masage de la commune de Cessenon sur Orb. Elle a acquis son ind\u00e9pendance administrative et a \u00e9t\u00e9 reconnue comme commune en Mai 1900.<br>Les terres de Prades\/Vernazobre ont \u00e9t\u00e9 peupl\u00e9es par les hommes depuis le n\u00e9olithique, certaines poteries datant de &#8211; 4000 ans avant J\u00e9sus-Christ ont \u00e9t\u00e9 retrouv\u00e9es en plusieurs sites (Dounaro, Sarremale, le Poub\u00e9rie \u2026)<\/p>\n\n\n\n<p>Une n\u00e9cropole datant environ du Ve ou VIe si\u00e8cle, recouverte en partie par une chapelle du Xe et XIe si\u00e8cle a \u00e9t\u00e9 mise \u00e0 jour au lieu-dit SAINT-MARTIN DE DOUNARO (actuellement, il existe un chemin de randonn\u00e9e pour d\u00e9couvrir ce site).<br>Des familles vivant sous la protection de la ch\u00e2tellenie de Cessenon s\u2019installent dans la vall\u00e9e du Vernazobre au hameau de Riels en 1343 et sur le site du bourg actuel en 1374.<br>Bien que pr\u00e9sente depuis l\u2019antiquit\u00e9, la vigne se d\u00e9veloppe : les mattes en 1362. Le village se place sous la protection de Sainte Marguerite et une \u00e9glise est \u00e9rig\u00e9e en 1542. Un repr\u00e9sentant de Prades sur Vernazobre est autoris\u00e9 \u00e0 si\u00e9ger aupr\u00e8s des autorit\u00e9s cessenonnaises en 1663. Il est nomm\u00e9 consul.<br>L\u2019\u00e9conomie se d\u00e9veloppe, un moulin est construit \u00e0 Commeyras en 1555 (en aval du pont actuel).<br>Plusieurs tuileries sont construites au lieu-dit notamment \u00ab Les Tuileries \u00bb en 1596 et au \u00ab Les Mourelous \u00bb en 1599.<br>Des mas se d\u00e9veloppent autour du bourg central : la Rouvelane en 1587, la Maurerie en 1606.<br>L\u2019instruction est donn\u00e9e par un \u00ab r\u00e9gent \u00bb aux enfants du village des 1655 mais il faudra attendre 1906 pour avoir une \u00e9cole.<\/p>\n\n\n\n<p>Comme beaucoup de villages en France, Prades\/Vernazobre a pay\u00e9 un lourd tribu lors de la premi\u00e8re guerre mondiale 1914-1918, 11 de ses enfants sont morts pour la patrie, 2 sont morts lors de la deuxi\u00e8me guerre mondiale 1939 -1945.<br>Ethniquement, Prades sur Vernazobre, de sa naissance aux environs de 1300 en tant que hameau puis village, a \u00e9t\u00e9 compos\u00e9 de gens issus du Languedoc et des provinces voisines puis de toute la France.<br>Pour des raisons diverses, plusieurs nationalit\u00e9s ont migr\u00e9 vers Prades sur Vernazobre : Des familles d\u2019Espagnols dans les ann\u00e9es 1920 et 1930 (fuyant le franquisme), des familles hollandaises dans les ann\u00e9es 1970 \u2013 1980 (\u00e0 la recherche du soleil), des ressortissants allemands, anglais, \u00e9cossais, irlandais, belges ont fait de Prades sur Vernazobre, ces derni\u00e8res ann\u00e9es, leur lieu de vill\u00e9giature et se m\u00ealent parfaitement aux Prad\u00e9ens de \u00ab souche \u00bb.<br>Prades sur Vernazobre, aujourd\u2019hui village languedocien de 369 habitants entre le bourg principal et les deux hameaux de Commeyras et la Maurerie s\u2019ouvre vers l\u2019ext\u00e9rieur et une urbanisation mod\u00e9r\u00e9e et r\u00e9fl\u00e9chie lui permet de conserver son statut de village rural paisible, soucieux de conserver ses coutumes et traditions par exemple sa F\u00eate votive le weekend le plus proche du 22 juillet.<\/p>\n","protected":false},"excerpt":{"rendered":"<p>Le nom VERNAZOBRE Vient de VERNUS (latin) et de DUBRUN (celte) soit AULNE et EAU d\u2019o\u00f9 RIVI\u00c8RE DES AULNES.Prades sur Vernazobre a longtemps \u00e9t\u00e9 un masage de la commune de Cessenon sur Orb. Elle a acquis son ind\u00e9pendance administrative et a \u00e9t\u00e9 reconnue comme commune en Mai 1900.Les terres de Prades\/Vernazobre ont \u00e9t\u00e9 peupl\u00e9es par [&hellip;]<\/p>\n","protected":false},"author":1,"featured_media":0,"parent":0,"menu_order":0,"comment_status":"closed","ping_status":"closed","template":"","meta":[],"_links":{"self":[{"href":"https:\/\/prades-sur-vernazobre.fr\/index.php?rest_route=\/wp\/v2\/pages\/1431"}],"collection":[{"href":"https:\/\/prades-sur-vernazobre.fr\/index.php?rest_route=\/wp\/v2\/pages"}],"about":[{"href":"https:\/\/prades-sur-vernazobre.fr\/index.php?rest_route=\/wp\/v2\/types\/page"}],"author":[{"embeddable":true,"href":"https:\/\/prades-sur-vernazobre.fr\/index.php?rest_route=\/wp\/v2\/users\/1"}],"replies":[{"embeddable":true,"href":"https:\/\/prades-sur-vernazobre.fr\/index.php?rest_route=%2Fwp%2Fv2%2Fcomments&post=1431"}],"version-history":[{"count":1,"href":"https:\/\/prades-sur-vernazobre.fr\/index.php?rest_route=\/wp\/v2\/pages\/1431\/revisions"}],"predecessor-version":[{"id":1433,"href":"https:\/\/prades-sur-vernazobre.fr\/index.php?rest_route=\/wp\/v2\/pages\/1431\/revisions\/1433"}],"wp:attachment":[{"href":"https:\/\/prades-sur-vernazobre.fr\/index.php?rest_route=%2Fwp%2Fv2%2Fmedia&parent=1431"}],"curies":[{"name":"wp","href":"https:\/\/api.w.org\/{rel}","templated":true}]}}

<center><figure class="wp-block-image size-full is-resized"><a href="https://prades-sur-vernazobre.fr/wp-content/uploads/2023/06/blason.jpg"><img decoding="async" loading="lazy" src="https://prades-sur-vernazobre.fr/wp-content/uploads/2023/06/blason.jpg" alt="" class="wp-image-1432" width="112" height="142" srcset="https://prades-sur-vernazobre.fr/wp-content/uploads/2023/06/blason.jpg 447w, https://prades-sur-vernazobre.fr/wp-content/uploads/2023/06/blason-237x300.jpg 237w" sizes="(max-width: 112px) 100vw, 112px" /></a></figure></center>



<p class="has-text-align-left">Le nom VERNAZOBRE Vient de VERNUS (latin) et de DUBRUN (celte) soit AULNE et EAU d’où RIVIÈRE DES AULNES.<br>Prades sur Vernazobre a longtemps été un masage de la commune de Cessenon sur Orb. Elle a acquis son indépendance administrative et a été reconnue comme commune en Mai 1900.<br>Les terres de Prades/Vernazobre ont été peuplées par les hommes depuis le néolithique, certaines poteries datant de &#8211; 4000 ans avant Jésus-Christ ont été retrouvées en plusieurs sites (Dounaro, Sarremale, le Poubérie …)</p>



<p>Une nécropole datant environ du Ve ou VIe siècle, recouverte en partie par une chapelle du Xe et XIe siècle a été mise à jour au lieu-dit SAINT-MARTIN DE DOUNARO (actuellement, il existe un chemin de randonnée pour découvrir ce site).<br>Des familles vivant sous la protection de la châtellenie de Cessenon s’installent dans la vallée du Vernazobre au hameau de Riels en 1343 et sur le site du bourg actuel en 1374.<br>Bien que présente depuis l’antiquité, la vigne se développe : les mattes en 1362. Le village se place sous la protection de Sainte Marguerite et une église est érigée en 1542. Un représentant de Prades sur Vernazobre est autorisé à siéger auprès des autorités cessenonnaises en 1663. Il est nommé consul.<br>L’économie se développe, un moulin est construit à Commeyras en 1555 (en aval du pont actuel).<br>Plusieurs tuileries sont construites au lieu-dit notamment « Les Tuileries » en 1596 et au « Les Mourelous » en 1599.<br>Des mas se développent autour du bourg central : la Rouvelane en 1587, la Maurerie en 1606.<br>L’instruction est donnée par un « régent » aux enfants du village des 1655 mais il faudra attendre 1906 pour avoir une école.</p>



<p>Comme beaucoup de villages en France, Prades/Vernazobre a payé un lourd tribu lors de la première guerre mondiale 1914-1918, 11 de ses enfants sont morts pour la patrie, 2 sont morts lors de la deuxième guerre mondiale 1939 -1945.<br>Ethniquement, Prades sur Vernazobre, de sa naissance aux environs de 1300 en tant que hameau puis village, a été composé de gens issus du Languedoc et des provinces voisines puis de toute la France.<br>Pour des raisons diverses, plusieurs nationalités ont migré vers Prades sur Vernazobre : Des familles d’Espagnols dans les années 1920 et 1930 (fuyant le franquisme), des familles hollandaises dans les années 1970 – 1980 (à la recherche du soleil), des ressortissants allemands, anglais, écossais, irlandais, belges ont fait de Prades sur Vernazobre, ces dernières années, leur lieu de villégiature et se mêlent parfaitement aux Pradéens de « souche ».<br>Prades sur Vernazobre, aujourd’hui village languedocien de 369 habitants entre le bourg principal et les deux hameaux de Commeyras et la Maurerie s’ouvre vers l’extérieur et une urbanisation modérée et réfléchie lui permet de conserver son statut de village rural paisible, soucieux de conserver ses coutumes et traditions par exemple sa Fête votive le weekend le plus proche du 22 juillet.</p>

<p>Le nom VERNAZOBRE Vient de VERNUS (latin) et de DUBRUN (celte) soit AULNE et EAU d’où RIVIÈRE DES AULNES.Prades sur Vernazobre a longtemps été un masage de la commune de Cessenon sur Orb. Elle a acquis son indépendance administrative et a été reconnue comme commune en Mai 1900.Les terres de Prades/Vernazobre ont été peuplées par [&hellip;]</p>
