{"id":1435,"date":"2023-06-10T12:22:14","date_gmt":"2023-06-10T11:22:14","guid":{"rendered":"https:\/\/prades-sur-vernazobre.fr\/?page_id=1435"},"modified":"2023-06-10T12:22:15","modified_gmt":"2023-06-10T11:22:15","slug":"sa-situation-geographique","status":"publish","type":"page","link":"https:\/\/prades-sur-vernazobre.fr\/?page_id=1435","title":{"rendered":"Sa situation g\u00e9ographique &#8230;"},"content":{"rendered":"\n<figure class=\"wp-block-image size-full\"><a href=\"http:\/\/prades-sur-vernazobre.fr\/wp-content\/uploads\/2023\/06\/prades_geo.gif\"><img decoding=\"async\" loading=\"lazy\" width=\"1024\" height=\"341\" src=\"http:\/\/prades-sur-vernazobre.fr\/wp-content\/uploads\/2023\/06\/prades_geo.gif\" alt=\"\" class=\"wp-image-1436\"\/><\/a><\/figure>\n\n\n\n<p>Prades\/Vernazobre est une commune de l\u2019ouest h\u00e9raultais dans le canton de Saint-Chinian. L\u2019\u00e9tendue communale est de 1998 hectares avec une altitude \u00e0 l\u2019est et au sud de 70 m, grimpant au nord-ouest jusqu\u2019\u00e0 670 m (Montahuc), adoss\u00e9e aux derniers contreforts des C\u00e9vennes cot\u00e9 nord (Caroux et Espinouse 1200 m d\u2019altitude) et c\u00f4t\u00e9 ouest aux premiers avants monts de la Montagne Noire (la Grage 7OO m).<\/p>\n\n\n\n<p>De par son orientation, face \u00e0 l\u2019est et au sud, bien abrit\u00e9e par les montagnes au nord-ouest, elle b\u00e9n\u00e9ficie d\u2019un ensoleillement g\u00e9n\u00e9reux (climat m\u00e9diterran\u00e9en) et d\u2019une protection contre le vent parfois violent et froid venant du nord-ouest (la Tramontane) mais aussi des vents marins amenant la pluie (la mer M\u00e9diterran\u00e9e n\u2019est situ\u00e9e qu\u2019\u00e0 une vingtaine de kilom\u00e8tres). La commune est travers\u00e9e en axe Ouest-est par la rivi\u00e8re le Vernazobre, petit cours d\u2019eau affluent du fleuve c\u00f4tier l\u2019Orb.<\/p>\n\n\n\n<p>Une grande plaine viticole, class\u00e9e en A.O.C Saint-Chinian occupe par un tiers la partie orientale de la commune. La zone occidentale form\u00e9e de collines \u00e0 v\u00e9g\u00e9tation m\u00e9diterran\u00e9enne couverte d\u2019essences basses (thym, romarin, lavande, ciste) mais aussi d\u2019arbres (pins d\u2019Alep ou maritimes, ch\u00e2taigniers). Plus haut en altitude, cot\u00e9 ouest surtout, les montagnes sont bois\u00e9es de ch\u00eanes verts et arbousiers, refuge de nombreux sangliers qui peuplent ses territoires.<br>Dans la plaine viticole, en bordure du Vernazobre ou de ses petits affluents, subsistent encore de magnifiques oliviers au tronc tortur\u00e9 par les si\u00e8cles. Ils c\u00f4toient parfois de tr\u00e8s vieux m\u00fbriers, vestige d\u2019une \u00e9poque (17e, 18e si\u00e8cle) o\u00f9 l\u2019on \u00e9levait ici les vers \u00e0 soie.<\/p>\n","protected":false},"excerpt":{"rendered":"<p>Prades\/Vernazobre est une commune de l\u2019ouest h\u00e9raultais dans le canton de Saint-Chinian. L\u2019\u00e9tendue communale est de 1998 hectares avec une altitude \u00e0 l\u2019est et au sud de 70 m, grimpant au nord-ouest jusqu\u2019\u00e0 670 m (Montahuc), adoss\u00e9e aux derniers contreforts des C\u00e9vennes cot\u00e9 nord (Caroux et Espinouse 1200 m d\u2019altitude) et c\u00f4t\u00e9 ouest aux premiers [&hellip;]<\/p>\n","protected":false},"author":1,"featured_media":0,"parent":0,"menu_order":0,"comment_status":"closed","ping_status":"closed","template":"","meta":[],"_links":{"self":[{"href":"https:\/\/prades-sur-vernazobre.fr\/index.php?rest_route=\/wp\/v2\/pages\/1435"}],"collection":[{"href":"https:\/\/prades-sur-vernazobre.fr\/index.php?rest_route=\/wp\/v2\/pages"}],"about":[{"href":"https:\/\/prades-sur-vernazobre.fr\/index.php?rest_route=\/wp\/v2\/types\/page"}],"author":[{"embeddable":true,"href":"https:\/\/prades-sur-vernazobre.fr\/index.php?rest_route=\/wp\/v2\/users\/1"}],"replies":[{"embeddable":true,"href":"https:\/\/prades-sur-vernazobre.fr\/index.php?rest_route=%2Fwp%2Fv2%2Fcomments&post=1435"}],"version-history":[{"count":1,"href":"https:\/\/prades-sur-vernazobre.fr\/index.php?rest_route=\/wp\/v2\/pages\/1435\/revisions"}],"predecessor-version":[{"id":1437,"href":"https:\/\/prades-sur-vernazobre.fr\/index.php?rest_route=\/wp\/v2\/pages\/1435\/revisions\/1437"}],"wp:attachment":[{"href":"https:\/\/prades-sur-vernazobre.fr\/index.php?rest_route=%2Fwp%2Fv2%2Fmedia&parent=1435"}],"curies":[{"name":"wp","href":"https:\/\/api.w.org\/{rel}","templated":true}]}}

Sa situation géographique &#8230;

<figure class="wp-block-image size-full"><a href="http://prades-sur-vernazobre.fr/wp-content/uploads/2023/06/prades_geo.gif"><img decoding="async" loading="lazy" width="1024" height="341" src="http://prades-sur-vernazobre.fr/wp-content/uploads/2023/06/prades_geo.gif" alt="" class="wp-image-1436"/></a></figure>



<p>Prades/Vernazobre est une commune de l’ouest héraultais dans le canton de Saint-Chinian. L’étendue communale est de 1998 hectares avec une altitude à l’est et au sud de 70 m, grimpant au nord-ouest jusqu’à 670 m (Montahuc), adossée aux derniers contreforts des Cévennes coté nord (Caroux et Espinouse 1200 m d’altitude) et côté ouest aux premiers avants monts de la Montagne Noire (la Grage 7OO m).</p>



<p>De par son orientation, face à l’est et au sud, bien abritée par les montagnes au nord-ouest, elle bénéficie d’un ensoleillement généreux (climat méditerranéen) et d’une protection contre le vent parfois violent et froid venant du nord-ouest (la Tramontane) mais aussi des vents marins amenant la pluie (la mer Méditerranée n’est située qu’à une vingtaine de kilomètres). La commune est traversée en axe Ouest-est par la rivière le Vernazobre, petit cours d’eau affluent du fleuve côtier l’Orb.</p>



<p>Une grande plaine viticole, classée en A.O.C Saint-Chinian occupe par un tiers la partie orientale de la commune. La zone occidentale formée de collines à végétation méditerranéenne couverte d’essences basses (thym, romarin, lavande, ciste) mais aussi d’arbres (pins d’Alep ou maritimes, châtaigniers). Plus haut en altitude, coté ouest surtout, les montagnes sont boisées de chênes verts et arbousiers, refuge de nombreux sangliers qui peuplent ses territoires.<br>Dans la plaine viticole, en bordure du Vernazobre ou de ses petits affluents, subsistent encore de magnifiques oliviers au tronc torturé par les siècles. Ils côtoient parfois de très vieux mûriers, vestige d’une époque (17e, 18e siècle) où l’on élevait ici les vers à soie.</p>

<p>Prades/Vernazobre est une commune de l’ouest héraultais dans le canton de Saint-Chinian. L’étendue communale est de 1998 hectares avec une altitude à l’est et au sud de 70 m, grimpant au nord-ouest jusqu’à 670 m (Montahuc), adossée aux derniers contreforts des Cévennes coté nord (Caroux et Espinouse 1200 m d’altitude) et côté ouest aux premiers [&hellip;]</p>
