{"id":146,"date":"2014-03-23T16:32:38","date_gmt":"2014-03-23T15:32:38","guid":{"rendered":"http:\/\/comatweb34.com\/prades-sur-vernazobre.eu\/?page_id=146"},"modified":"2026-03-25T11:47:48","modified_gmt":"2026-03-25T10:47:48","slug":"calendrier-2014","status":"publish","type":"page","link":"https:\/\/prades-sur-vernazobre.fr\/?page_id=146","title":{"rendered":"Calendrier 2026"},"content":{"rendered":"<p><strong><span style=\"text-decoration: underline;\">\u00c9V\u00c9NEMENTS A VENIR<\/span><\/strong> :<\/p>\n<p><u><b>SOIR\u00c9E REPAS et BAL GRATUIT avec \u00ab\u00a0DJ MANU EVENTS\u00a0\u00bb<\/b><\/u><br \/>\nSamedi 28 mars 2026 \u00e0 partir de 19h &#8211; R\u00e9servation repas au 07-61-58-67-41<\/p>\n<p><u><b>SOIR\u00c9E REPAS et BAL GRATUIT avec le groupe \u00ab\u00a0BIG SISTERS\u00a0\u00bb (pop\/rock)<\/b><\/u><br \/>\nSamedi 30 mai 2026 de 15h (concours de p\u00e9tanque en doublette) \u00e0 1h &#8211; R\u00e9servation repas au 07-61-58-67-41<\/p>\n<p><u><b>GRANDE F\u00caTE LOCALE 2026<\/b><\/u><br \/>\n17, 18 et 19 juillet<\/p>\n<p><u><b>BALS DE FERMETURE 2026<\/b><\/u><br \/>\nSamedi 29 ao\u00fbt de 15h \u00e0 02h &#8211; Repas B\u0153uf \u00e0 la broche &#8211; R\u00e9servation repas au 07-61-58-67-41<\/p>\n<p><u><b>MOVE &lsquo; N &lsquo; PRADES 2026<\/b><\/u><br \/>\nSamedi 14 novembre de 19h \u00e0 minuit<\/p>\n<p>Pour plus d&rsquo;informations, <a href=\"https:\/\/prades-sur-vernazobre.fr\/?post_type=tribe_events\" data-wplink-edit=\"true\">cliquez ici<\/a><\/p>\n","protected":false},"excerpt":{"rendered":"<p>\u00c9V\u00c9NEMENTS A VENIR : SOIR\u00c9E REPAS et BAL GRATUIT avec \u00ab\u00a0DJ MANU EVENTS\u00a0\u00bb Samedi 28 mars 2026 \u00e0 partir de 19h &#8211; R\u00e9servation repas au 07-61-58-67-41 SOIR\u00c9E REPAS et BAL GRATUIT avec le groupe \u00ab\u00a0BIG SISTERS\u00a0\u00bb (pop\/rock) Samedi 30 mai 2026 de 15h (concours de p\u00e9tanque en doublette) \u00e0 1h &#8211; R\u00e9servation repas au 07-61-58-67-41 [&hellip;]<\/p>\n","protected":false},"author":1,"featured_media":0,"parent":0,"menu_order":0,"comment_status":"closed","ping_status":"closed","template":"","meta":[],"_links":{"self":[{"href":"https:\/\/prades-sur-vernazobre.fr\/index.php?rest_route=\/wp\/v2\/pages\/146"}],"collection":[{"href":"https:\/\/prades-sur-vernazobre.fr\/index.php?rest_route=\/wp\/v2\/pages"}],"about":[{"href":"https:\/\/prades-sur-vernazobre.fr\/index.php?rest_route=\/wp\/v2\/types\/page"}],"author":[{"embeddable":true,"href":"https:\/\/prades-sur-vernazobre.fr\/index.php?rest_route=\/wp\/v2\/users\/1"}],"replies":[{"embeddable":true,"href":"https:\/\/prades-sur-vernazobre.fr\/index.php?rest_route=%2Fwp%2Fv2%2Fcomments&post=146"}],"version-history":[{"count":27,"href":"https:\/\/prades-sur-vernazobre.fr\/index.php?rest_route=\/wp\/v2\/pages\/146\/revisions"}],"predecessor-version":[{"id":1690,"href":"https:\/\/prades-sur-vernazobre.fr\/index.php?rest_route=\/wp\/v2\/pages\/146\/revisions\/1690"}],"wp:attachment":[{"href":"https:\/\/prades-sur-vernazobre.fr\/index.php?rest_route=%2Fwp%2Fv2%2Fmedia&parent=146"}],"curies":[{"name":"wp","href":"https:\/\/api.w.org\/{rel}","templated":true}]}}

<p><strong><span style="text-decoration: underline;">ÉVÉNEMENTS A VENIR</span></strong> :</p>
<p><u><b>SOIRÉE REPAS et BAL GRATUIT avec « DJ MANU EVENTS »</b></u><br />
Samedi 28 mars 2026 à partir de 19h &#8211; Réservation repas au 07-61-58-67-41</p>
<p><u><b>SOIRÉE REPAS et BAL GRATUIT avec le groupe « BIG SISTERS » (pop/rock)</b></u><br />
Samedi 30 mai 2026 de 15h (concours de pétanque en doublette) à 1h &#8211; Réservation repas au 07-61-58-67-41</p>
<p><u><b>GRANDE FÊTE LOCALE 2026</b></u><br />
17, 18 et 19 juillet</p>
<p><u><b>BALS DE FERMETURE 2026</b></u><br />
Samedi 29 août de 15h à 02h &#8211; Repas Bœuf à la broche &#8211; Réservation repas au 07-61-58-67-41</p>
<p><u><b>MOVE &lsquo; N &lsquo; PRADES 2026</b></u><br />
Samedi 14 novembre de 19h à minuit</p>
<p>Pour plus d&rsquo;informations, <a href="https://prades-sur-vernazobre.fr/?post_type=tribe_events" data-wplink-edit="true">cliquez ici</a></p>

<p>ÉVÉNEMENTS A VENIR : SOIRÉE REPAS et BAL GRATUIT avec « DJ MANU EVENTS » Samedi 28 mars 2026 à partir de 19h &#8211; Réservation repas au 07-61-58-67-41 SOIRÉE REPAS et BAL GRATUIT avec le groupe « BIG SISTERS » (pop/rock) Samedi 30 mai 2026 de 15h (concours de pétanque en doublette) à 1h &#8211; Réservation repas au 07-61-58-67-41 [&hellip;]</p>
